) in base 15?
-1b
Convert -1001 (base 2) to base 9.
-10
0 (base 10) to base 9
0
-4 (base 13) to base 11
-4
Convert 323 (base 6) to base 4.
1323
What is -f (base 16) in base 13?
-12
What is -6 (base 9) in base 2?
-110
2 (base 14) to base 7
2
Convert 101011110 (base 2) to base 14.
1b0
112 (base 3) to base 12
12
What is -15 (base 6) in base 4?
-23
What is -53 (base 11) in base 16?
-3a
What is 1102 (base 3) in base 7?
53
-4 (base 9) to base 11
-4
Convert 101 (base 6) to base 7.
52
-1 (base 2) to base 5
-1
Convert 0 (base 3) to base 13.
0
-9 (base 11) to base 10
-9
1011 (base 3) to base 6
51
1 (base 14) to base 10
1
244 (base 8) to base 7
323
What is -11 (base 2) in base 4?
-3
What is -56 (base 11) in base 4?
-331
114 (base 6) to base 7
64
What is -11 (base 4) in base 8?
-5
What is -9a (base 12) in base 4?
-1312
What is 11000111 (base 2) in base 14?
103
Convert 254 (base 6) to base 14.
78
What is 35 (base 8) in base 16?
1d
What is -101 (base 2) in base 8?
-5
Convert 10 (base 2) to base 14.
2
What is 75 (base 11) in base 15?
57
What is -9 (base 12) in base 6?
-13
What is -1 (base 14) in base 11?
-1
What is 35 (base 10) in base 4?
203
36 (base 8) to base 11
28
Convert 33 (base 11) to base 14.
28
Convert -128 (base 11) to base 9.
-177
What is -11001 (base 2) in base 5?
-100
What is -77 (base 13) in base 3?
-10122
Convert -22 (base 3) to base 7.
-11
-30 (base 4) to base 12
-10
Convert -b8 (base 12) to base 3.
-12012
What is -7 (base 13) in base 5?
-12
What is -2 (base 9) in base 15?
-2
Convert -2 (base 3) to base 10.
-2
16 (base 13) to base 2
10011
What is 3 (base 15) in base 3?
10
What is 31 (base 11) in base 15?
24
What is -1220 (base 3) in base 15?
-36
What is -e (base 16) in base 12?
-12
-206 (base 8) to base 2
-10000110
What is -312 (base 9) in base 2?
-11111110
What is -202 (base 3) in base 15?
-15
-325 (base 7) to base 3
-20011
What is 42 (base 14) in base 13?
46
What is 101111 (base 3) in base 4?
10123
2 (base 6) to base 16
2
Convert 3 (base 4) to base 2.
11
Convert -2 (base 8) to base 6.
-2
Convert -4 (base 9) to base 5.
-4
What is 0 (base 11) in base 6?
0
1 (base 15) to base 13
1
What is 21 (base 5) in base 2?
1011
What is -3 (base 11) in base 16?
-3
-3 (base 8) to base 12
-3
What is -16 (base 9) in base 6?
-23
Convert -1 (base 10) to base 13.
-1
-103 (base 4) to base 8
-23
What is 12 (base 8) in base 4?
22
Convert 111 (base 2) to base 14.
7
12 (base 8) to base 15
a
-48 (base 12) to base 4
-320
146 (base 7) to base 16
53
Convert 1032 (base 4) to base 9.
86
What is 10010 (base 3) in base 15?
59
What is -1b (base 14) in base 9?
-27
What is -14 (base 14) in base 15?
-13
What is -10 (base 5) in base 8?
-5
What is 9b (base 15) in base 7?
266
101011101 (base 2) to base 16
15d
Convert -1 (base 6) to base 9.
-1
Convert -7 (base 13) to base 10.
-7
Convert 32 (base 4) to base 5.
24
What is 19 (base 14) in base 15?
18
11 (base 3) to base 13
4
What is 2 (base 9) in base 15?
2
Convert 1144 (base 6) to base 14.
160
-10 (base 16) to base 2
-10000
What is -1001011 (base 2) in base 15?
-50
What is 25 (base 16) in base 12?
31
-7 (base 13) to base 12
-7
-189 (base 11) to base 9
-262
0 (base 11) to base 13
0
Convert -8 (base 10) to base 4.
-20
4 (base 7) to base 12
4
What is 6 (base 9) in base 12?
6
What is 8 (base 10) in base 12?
8
20 (base 13) to base 7
35
What is 2 (base 3) in base 11?
2
Convert a (base 15) to base 11.
a
5 (base 16) to base 2
101
Convert 1 (base 7) to base 2.
1
Convert -b7 (base 13) to base 10.
-150
12 (base 3) to base 7
5
-4 (base 13) to base 3
-11
2044 (base 5) to base 3
101011
Convert 0 (base 4) to base 16.
0
-147 (base 11) to base 10
-172
-8 (base 10) to base 5
-13
16 (base 9) to base 13
12
-1010110 (base 2) to base 6
-222
Convert -57 (base 13) to base 5.
-242
What is -24 (base 10) in base 8?
-30
What is -8 (base 11) in base 8?
-10
What is 42 (base 13) in base 16?
36
What is -5 (base 9) in base 4?
-11
Convert 1 (base 2) to base 3.
1
What is 117 (base 8) in base 4?
1033
What is 0 (base 13) in base 14?
0
What is -1232 (base 4) in base 8?
-156
What is -54 (base 9) in base 7?
-100
-4b (base 13) to base 9
-70
-2 (base 4) to base 10
-2
Convert 1 (base 13) to base 9.
1
What is 161 (base 7) in base 6?
232
What is -260 (base 7) in base 8?
-214
331 (base 4) to base 9
67
What is -4 (base 7) in base 4?
-10
34 (base 7) to base 13
1c
5 (base 16) to base 14
5
-18 (base 10) to base 3
-200
-27 (base 15) to base 6
-101
Convert -265 (base 10) to base 16.
-109
Convert 33 (base 12) to base 6.
103
Convert -17 (base 14) to base 13.
-18
Convert 2b (base 15) to base 2.
101001
20202 (base 3) to base 5
1212
Convert 1 (base 7) to base 11.
1
What is -3 (base 12) in base 11?
-3
Convert -1b (base 12) to base 3.
-212
-11 (base 5) to base 4
-12
Convert 62 (base 13) to base 7.
143
What is 117 (base 13) in base 7?
360
What is -1 (base 14) in base 2?
-1
What is -16d (base 16) in base 8?
-555
What is -17 (base 10) in base 13?
-14
Convert -e (base 16) to base 2.
-1110
Convert -101011011 (base 2) to base 15.
-182
-4 (base 14) to base 5
-4
-11 (base 2) to base 11
-3
122 (base 5) to base 2
100101
What is -a (base 14) in base 11?
-a
-186 (base 14) to base 7
-626
Convert 140 (base 8) to base 4.
1200
What is -112 (base 7) in base 16?
-3a
What is -3 (base 6) in base 5?
-3
Convert -45 (base 7) to base 9.
-36
Convert 0 (base 10) to base 7.
0
Convert -1000100 (base 2) to base 10.
-68
Convert -18a (base 11) to base 13.
-13b
Convert -74 (base 12) to base 5.
-323
Convert 12 (base 7) to base 2.
1001
-11 (base 2) to base 8
-3
What is -5 (base 6) in base 3?
-12
-4 (base 5) to base 9
-4
Convert 94 (base 14) to base 4.
2002
-120 (base 6) to base 2
-110000
Convert 9 (base 10) to base 6.
13
What is 2213 (base 5) in base 11?
260
2 (base 6) to base 9
2
-30 (base 6) to base 12
-16
-443 (base 6) to base 16
-ab
-86 (base 11) to base 7
-163
2 (base 11) to base 2
10
10 (base 3) to base 4
3
What is 3c (base 15) in base 10?
57
Convert -2 (base 11) to base 2.
-10
38 (base 11) to base 3
1112
-1010000 (base 2) to base 8
-120
What is -9 (base 16) in base 2?
-1001
100111 (base 2) to base 16
27
1001 (base 2) to base 7
12
What is -3 (base 7) in base 9?
-3
What is 5 (base 9) in base 2?
101
What is 133 (base 11) in base 12?
111
What is 2 (base 10) in base 6?
2
What is -30 (base 10) in base 14?
-22
Convert -2200 (base 4) to base 14.
-b6
-14 (base 14) to base 8
-22
-1 (base 15) to base 9
-1
What is -332 (base 8) in base 15?
-e8
What is -1111 (base 2) in base 6?
-23
What is -3 (base 10) in base 15?
-3
What is 21 (base 7) in base 8?
17
5 (base 15) to base 12
5
What is -113 (base 4) in base 3?
-212
Convert b3 (base 16) to base 9.
218
Convert 3 (base 13) to base 5.
3
Convert 57 (base 9) to base 14.
3a
-1 (base 15) to base 12
-1
What is 1010011 (base 2) in base 3?
10002
What is -6 (base 8) in base 5?
-11
-1a (base 12) to base 9
-24
Convert 3 (base 6) to base 16.
3
What is 3 (base 12) in base 9?
3
What is -4 (base 16) in base 15?
-4
Convert 17 (base 14) to base 13.
18
What is 21 (base 4) in base 10?
9
Convert -c (base 13) to base 4.
-30
What is 110 (base 4) in base 12?
18
Convert 17 (base 9) to base 2.
10000
15 (base 11) to base 15
11
Convert -23 (base 12) to base 6.
-43
Convert -5 (base 11) to base 2.
-101
What is 4 (base 14) in base 6?
4
14 (base 14) to base 4
102
d4 (base 14) to base 4
2322
What is 24 (base 6) in base 4?
100
6 (base 16) to base 5
11
1 (base 11) to base 16
1
26 (base 12) to base 10
30
What is 220 (base 10) in base 3?
22011
Convert -7 (base 13) to base 9.
-7
2 (base 15) to base 6
2
-32 (base 6) to base 3
-202
Convert 22 (base 5) to base 4.
30
Convert 2 (base 4) to base 15.
2
Convert 31 (base 4) to base 5.
23
Convert -a (base 16) to base 2.
-1010
Convert -2 (base 15) to base 12.
-2
What is 3 (base 6) in base 9?
3
Convert -19 (base 10) to base 16.
-13
Convert 462 (base 9) to base 14.
1d2
What is -2 (base 8) in base 12?
-2
Convert 0 (base 16) to base 13.
0
What is -10 (base 13) in base 8?
-15
-2 (base 4) to base 12
-2
What is 5 (base 15) in base 16?
5
Convert -4 (base 10) to base 4.
-10
What is 1 (base 16) in base 13?
1
Convert -1 (base 3) to base 5.
-1
What is -9 (base 11) in base 13?
-9
What is -78 (base 9) in base 7?
-131
Convert -33 (base 5) to base 8.
-22
Convert -7 (base 10) to base 13.
-7
253 (